(b). Let r be 4*(-2 - -4) + -1. Let c be p(r). Let j(h) = h**2 + h - 3. What is j(c)?
-3
Let a(x) = 12*x + 4. Suppose 2*t = -2*i - 18, -59*i + 54*i = -2*t - 11. Calculate a(i).
-8
Let f(i) be the second derivative of 0 - 2/3*i**3 + 7/24*i**4 + 1/60*i**5 - 9*i**2 - 29*i. Let y(o) be the first derivative of f(o). Calculate y(-7).
-4
Let u(f) = -3*f**3 - 9*f**2 - 7*f + 13. Let o(n) = 4*n**3 + 11*n**2 + 9*n - 12. Suppose 13*d + 75 - 23 = 0. Let v(z) = d*o(z) - 5*u(z). Calculate v(0).
-17
Let p(c) = -121*c - 129*c + 11 + 1 - 3 + 252*c. Let o be ((-45)/30)/((-3)/20). Determine p(o).
29
Suppose 2*d = 3 + 19. Let m(h) be the second derivative of h**4/12 - 3*h**3/2 + 3*h**2 - 9259*h. What is m(d)?
28
Let t(f) = -14*f**2 - 10*f + 13*f**2 + 115 - 108. Give t(-8).
23
Let z = 0 + 4. Suppose -5*p - n = -145, 7*p - z*p - 87 = -2*n. Let h(d) = -26*d - p*d - 23*d + 79*d. Calculate h(0).
0
Let l(v) be the second derivative of -v**5/20 + 3*v**4/4 - 11*v**3/3 + 15*v**2/2 + v + 1615. Determine l(7).
-41
Let a(u) = u**2 + u - 1. Suppose 4 + 0 = -2*s. Let j be (-1)/s + 51/(-102). What is a(j)?
-1
Let p(d) = 11*d**2 - 51*d - 52. Suppose 5 = -5*s - w, -7*w - 1 = s - 10*w. What is p(s)?
10
Let w(l) = -4*l**2 - 74*l + 118. Let x be w(-20). Let j(b) = -b**3 - 4*b**2 - 5*b - 3. What is j(x)?
-1
Suppose -5*z = -3*n + 6 - 51, 2*z - 5*n - 18 = 0. Let w(y) = y**3 - 10*y**2 + 9*y + 13. Give w(z).
13
Let o(p) = p**3 - 5*p**2 - p + 1. Let h(b) = b**3 - 34*b**2 + 6*b - 14. Let k(i) = -h(i) + 3*o(i). Determine k(-10).
7
Let l(p) = 3*p - p**2 - 2*p + 10*p + 7. Let q = 3369 + -3371. Let z(n) = 3*n**2 - 22*n - 14. Let j(y) = q*z(y) - 5*l(y). Calculate j(-10).
3
Let i be 6/4*40/(-12) + -2. Let b(n) = 179*n - 88*n - 92*n - 14. What is b(i)?
-7
Let d be 87/90 + (117/(-65) - -1). Let c(m) be the second derivative of 1/20*m**5 - 12*m - 3*m**2 - 7/12*m**4 + d*m**3 + 0. Determine c(7).
1
Let t(j) = 19729 + 12*j + 10*j**2 - 8*j**2 - 19734. Determine t(-10).
75
Suppose -20 = q - 23. Suppose -q*y = 500 - 485. Let g(f) = -f - 12. Determine g(y).
-7
Let b(w) = -884*w + 49. Let t be b(-1). Let m = 936 - t. Let g(v) = -4*v**2 + v - 4. Let q(a) = -5*a**2 + a - 4. Let p(u) = 6*g(u) - 5*q(u). Give p(m).
8
Let c(l) = -28*l + 10*l + 65580 - 65518. What is c(6)?
-46
Let w(t) = -t**3 + 6*t**2 + 10*t - 16. Let p(x) = x**2 + 9*x + 17. Let s be p(-4). Let j be (2 + 5)/(s/(-3)). Give w(j).
5
Suppose 18 = -c + 2*h, -20 = 5*c + 3*h + h. Let a(l) = -6*l - 140*l**2 - l**2 + 140*l**2 + 8. Calculate a(c).
-8
Let r be (-3002)/(-19) - (3 - 1). Let b = -228 + r. Let u = b + 78. Let q(k) = k**2 - 5*k - 2. Calculate q(u).
4
Suppose 4*k = -0*k. Let g = k - -4. Let o(j) = -10*j**2 + 2*j - 1. Let w(a) = -29*a**2 + 4*a - 5. Let r(z) = -3*o(z) + w(z). Give r(g).
6
Suppose 6 = -8*g - 18. Let o be g/(63/6)*-21. Let i(c) be the first derivative of c**3/3 - 4*c**2 + 9*c + 91. What is i(o)?
-3
Let a(c) = 15*c + 62. Suppose 228 = -51*v + 24. Give a(v).
2
Let u(d) = -d**3 - 29*d**2 - 4*d - 4. Let k(l) = 2*l**3 + 75*l**2 + 8*l + 10. Let m(r) = 2*k(r) + 5*u(r). Determine m(4).
0
Let f = -78179 - -78168. Let n(h) be the first derivative of h**4/4 + 10*h**3/3 - 6*h**2 - 21*h - 1. Calculate n(f).
-10
Suppose -7*y + 4*b - 20 = -3*y, 3*b = y + 13. Let g(t) = 60*t + 1. Give g(y).
-59
Let c(p) = 12*p**2 + 6*p + 1. Let z(v) = -13*v**2 - 7*v - 1. Let m = 132 + -126. Let y(b) = m*c(b) + 5*z(b). Let a(f) = f - 10. Let s be a(9). Give y(s).
7
Let s(f) = 2*f**3 - f**2 + 3*f + 11. Let u(o) = 2*o**3 - o**2 - o + 3. Let r(l) = s(l) - 2*u(l). What is r(-2)?
15
Suppose -2*d + 40 = 2*d + 2*k, 0 = 5*d - k - 57. Let c(r) = 5*r - 70. What is c(d)?
-15
Let d = 11 - 10. Let b(p) = -2*p**3 - p**2 + 2*p + 18. Let w be b(0). Let i(a) = -17*a**2 + 0*a**3 + w*a**2 - 5*a**3. What is i(d)?
-4
Let l(m) be the second derivative of -1/6*m**4 - 7/2*m**2 - 28*m + 3/2*m**3 + 0. Determine l(6).
-25
Let b(i) = -i - 5. Let s = 17 - 9. Let x be (-16)/128 + 33/s. Determine b(x).
-9
Let t = 618 - 594. Let d(x) = -23 - 3*x - t + 97 - 19 - 24. What is d(-5)?
22
Let x be -49*((-1320)/(-77) - 17). Let g(p) = -2*p + 40. Determine g(x).
54
Let x(h) be the third derivative of h**6/60 - 11*h**5/60 + h**4/6 - 4*h**3/3 - 46*h**2 + 91. Determine x(4).
-40
Let n(g) = 3*g**3 + 5*g**2 - 4*g - 8. Let u be (44/55)/(4/(-10)). Give n(u).
-4
Let c(x) = -x**2 + 7*x + 2. Let z = 20 + -18. Suppose -v = 4*u + z*v - 567, -3*u + 424 = v. Let k be (-4)/(-14) - u/42*-2. Determine c(k).
2
Let x(r) = -r**3 + 8*r**2 - 8*r + 7. Let q = 29 + -23. Let k = q - -17. Suppose u - 5 + k = 5*p, 8 = -u + 3*p. Calculate x(u).
0
Let d(s) = 57*s - 88. Let l(b) = 102*b - 175. Let v(h) = -7*d(h) + 4*l(h). Calculate v(10).
6
Let r(k) = -81*k**2 + 137*k - 12. Let g(m) = -16*m**2 + 24*m - 2. Let p(d) = -11*g(d) + 2*r(d). Calculate p(-1).
2
Let i(l) = 547*l**2 + 77*l + 3. Let q(k) = 298*k**2 + 39*k + 1. Let s(o) = 6*i(o) - 11*q(o). Calculate s(-8).
-1
Let k(c) = -c**3 + 3*c**2 - c + 5. Suppose 8*b + 4 = 6*b. Let x be (0 - (b - 1)) + 4. Suppose x*f - 22 = 6. Give k(f).
-15
Let s(m) be the third derivative of m**5/60 + 7*m**4/12 + m**3 - 4942*m**2. Calculate s(-13).
-7
Let f(l) = l**2 + 7*l - 4. Let o be 406/126 + (16/18)/(-4). Suppose 0 = -o*r + 4*r + 7. What is f(r)?
-4
Suppose -u = -3*k + 26, -4*u + 16*k - 126 = 15*k. Let j(y) = -y**3 - 33*y**2 - 33*y - 30. Calculate j(u).
2
Let b(m) = 7*m**2 + 11*m + 4. Let r be b(0). Let v(n) = 3*n**2 + 4*n - 3. Calculate v(r).
61
Let c(f) = 34*f - 3*f - 34*f + 73 - 11*f. Calculate c(5).
3
Let q(s) = -s + 8. Let n(z) = 1. Suppose 0*a = 5*a + 25. Let i(k) = a*n(k) + q(k). Suppose 12*o - 4*b + 38 = 14*o, -b - 13 = -2*o. Calculate i(o).
-6
Let g = -19 + 31. Let i = g + -8. Let o(s) be the first derivative of s**4/4 - s**3 - 5*s**2/2 + 1201. Calculate o(i).
-4
Let p(v) = v**2 - v - 2. Let u be (-13)/(-4) - 3 - (-118)/8. Let n(m) = -m**3 + 13*m**2 + 32*m - 27. Let i be n(u). What is p(i)?
4
Let h = -1 - 3. Let u be 17*(-5)/20*h. Let x(z) = 272 - 544 - u*z + 273. What is x(-1)?
18
Let n(x) = -x**3 - 9*x**2 - 11*x - 3. Let l = 410 + -283. Let j = -119 + l. Suppose 3*k + 16 = -j. What is n(k)?
21
Let t(i) be the second derivative of i**4/12 + 7*i**3/6 - 2*i**2 + 5*i. Suppose -4*x + 92 = 5*b + 16, -x + 44 = -5*b. Suppose -x*d = -28*d - 16. Calculate t(d).
-16
Let f(s) = 11*s**2 - 34*s - 33. Let w be f(-1). Let i(u) = 4*u - w*u + 3*u + 6*u. Suppose v + 9 = 2*z, 0 = 3*v + 5*z - 9 - 8. Give i(v).
-1
Let w(b) = -b**2 - 5*b. Let y = 1016 + -798. Let u = y + -223. Give w(u).
0
Let p(r) = 5*r + 2*r**2 + 2 - 3*r - r**3 + 0*r**3. Suppose 5*i = -4*t + 5*t + 136, -2*i + 3*t = -44. Let z = i - 30. What is p(z)?
14
Let a(c) = c**3 + 4*c**2 + 4*c + 3. Let i(f) = f**3 - f**2 - 3. Let j = -65 + 67. Let p be i(j). Let z be 91/(-28) - p/(-4). What is a(z)?
0
Suppose -5*a - 147 - 667 = 2*p, 5*a = 3*p - 804. Let h = a - -160. Let v(l) = -l**2 + 4*l + 3. What is v(h)?
-9
Let d(b) = -17*b**2 + 27*b - 10. Let f be d(4). Let m = -174 - f. Let u(k) = k**3 + 1. What is u(m)?
1
Let o(x) = 233*x - 945*x + 232*x + 240*x + 39 + 241*x. Give o(-8).
31
Let g = 76 - 71. Let f(n) = 29*n + 5. Let u(h) = -34*h - 8. Let j(o) = -6*f(o) - 5*u(o). Determine j(g).
-10
Let k(m) = -7*m - 12*m + 28*m - 8*m + 7. Suppose 4*x = -2*n + 5*n + 10, -x - 4 = -4*n. Suppose -2*i + n*d + 1 = 7, -i - 21 = 5*d. Determine k(i).
1
Let y(l) be the second derivative of -l**4/6 - l**3/3 + l**2/2 + l. Let s(c) = 3*c**3 + 8*c**2 - 5*c - 3. Let b = -156 + 153. Let q be s(b). Give y(q).
-23
Let q(w) = -31*w**2 - 12*w - 3. Let a(d) = 52*d**2 + 23*d + 6. Let z(v) = -3*a(v) - 5*q(v). Calculate z(-5).
17
Let k(t) = -5*t**3 - 2*t**2 - 31*t + 5. Let c(l) = -32*l**3 - 11*l**2 - 202*l + 30. Let g(r) = -2*c(r) + 13*k(r). Give g(-2).
-5
Let o(k) be the first derivative of 0*k**2 + 7*k - 22 + 1/3*k**3. Let q(c) = -c**3 + 11*c**2 - 10*c. Let u be q(10). Determine o(u).
7
Let u(h) = 2*h - 2. Suppose t + 125 = r, 0 = 11*r - 15*r - 8. Let m = t + 131. Give u(m).
6
Let o(i) be the first derivative of -1/3*i**3 + 0*i**2 - 260 - 33*i - 1/4*i**4. Give o(0).
-33
Let z(q) = -61*q - 2. Let s(f) = -f**3 - 12*f**2 - 32*f + 1. Let k be s(-4). Calculate z(k).
-63
Let q be (-36)/27*-3 + 7 + -1. Let h(l) = 3*l + 5*l - l + l - q - 5*l. What is h(6)?
8
Let s be 1/((-55)/15 + 4). Suppos